{"id":721,"date":"2019-02-11T12:26:26","date_gmt":"2019-02-11T11:26:26","guid":{"rendered":"http:\/\/fabiennegondrand.com\/?page_id=721"},"modified":"2023-05-25T19:03:22","modified_gmt":"2023-05-25T17:03:22","slug":"extraits","status":"publish","type":"page","link":"https:\/\/fabiennegondrand.com\/index.php\/extraits\/","title":{"rendered":"Extraits"},"content":{"rendered":"\n<p>Entretien de David E. Hoffman  (interpr\u00e9tation de l&#8217;entretien, traduction et sous-titrage) <a href=\"https:\/\/youtu.be\/0V7pzeE-5gw\" target=\"_blank\" rel=\"noreferrer noopener\">pour la librairie Mollat &#8211; mai 2023<\/a><\/p>\n\n\n\n<p>RFI: entretien de <strong>Miriam Toews<\/strong> avec Catherine Fruchon-Toussaint <a rel=\"noreferrer noopener\" href=\"http:\/\/www.rfi.fr\/emission\/20190907-ecrivaine-canadienne-miriam-toews-sort-femmes-silence\" target=\"_blank\">pour l\u2019\u00e9mission Litt\u00e9rature sans fronti\u00e8res \u2013 2019<\/a><\/p>\n\n\n\n<p>La Marche \u00e0 l&#8217;ab\u00eeme, rencontre avec <strong>Don Winslow,<\/strong> <a href=\"https:\/\/www.franceculture.fr\/emissions\/mauvais-genres\/la-marche-a-labime-rencontre-avec-don-winslow\" target=\"_blank\" rel=\"noreferrer noopener\">Mauvais Genres sur France Culture, 2018.<\/a><\/p>\n\n\n\n<p>D\u00e9bat entre <strong>Florence Aubenas<\/strong> et <strong>Carolin Emcke<\/strong>, <a href=\"https:\/\/www.youtube.com\/watch?v=5VbUggIOKnc&amp;feature=youtu.be\" target=\"_blank\" rel=\"noreferrer noopener\">Festival de la Manufacture d&#8217;Id\u00e9es 2018<\/a>.<\/p>\n\n\n\n<p><strong>Emelie Schepp<\/strong> au Caf\u00e9 Litt\u00e9raire Librinova <a href=\"https:\/\/www.youtube.com\/watch?v=YWAGmyrKPNo&amp;feature=youtu.be\" target=\"_blank\" rel=\"noreferrer noopener\">en direct du Salon du Livre de Paris 2017<\/a><\/p>\n\n\n\n<p><strong>Elizabeth George <\/strong>avec Christine Ferniot pour l&#8217;\u00e9mission <a rel=\"noreferrer noopener\" href=\"http:\/\/www.telerama.fr\/livre\/cercle-polar-116-recoit-la-romanciere-americaine-elizabeth-george,94479.php\" target=\"_blank\">Cercles polar #116 &#8211; 2013<\/a><\/p>\n","protected":false},"excerpt":{"rendered":"<p>Entretien de David E. Hoffman (interpr\u00e9tation de l&#8217;entretien, traduction et sous-titrage) pour la librairie Mollat &#8211; mai 2023 RFI: entretien de Miriam Toews avec Catherine Fruchon-Toussaint pour l\u2019\u00e9mission Litt\u00e9rature sans fronti\u00e8res \u2013 2019 La Marche \u00e0 l&#8217;ab\u00eeme, rencontre avec Don Winslow, Mauvais Genres sur France Culture, 2018. D\u00e9bat entre Florence Aubenas et Carolin Emcke, Festival [&hellip;]<\/p>\n","protected":false},"author":1,"featured_media":0,"parent":0,"menu_order":0,"comment_status":"closed","ping_status":"closed","template":"","meta":{"footnotes":""},"_links":{"self":[{"href":"https:\/\/fabiennegondrand.com\/index.php\/wp-json\/wp\/v2\/pages\/721"}],"collection":[{"href":"https:\/\/fabiennegondrand.com\/index.php\/wp-json\/wp\/v2\/pages"}],"about":[{"href":"https:\/\/fabiennegondrand.com\/index.php\/wp-json\/wp\/v2\/types\/page"}],"author":[{"embeddable":true,"href":"https:\/\/fabiennegondrand.com\/index.php\/wp-json\/wp\/v2\/users\/1"}],"replies":[{"embeddable":true,"href":"https:\/\/fabiennegondrand.com\/index.php\/wp-json\/wp\/v2\/comments?post=721"}],"version-history":[{"count":6,"href":"https:\/\/fabiennegondrand.com\/index.php\/wp-json\/wp\/v2\/pages\/721\/revisions"}],"predecessor-version":[{"id":1230,"href":"https:\/\/fabiennegondrand.com\/index.php\/wp-json\/wp\/v2\/pages\/721\/revisions\/1230"}],"wp:attachment":[{"href":"https:\/\/fabiennegondrand.com\/index.php\/wp-json\/wp\/v2\/media?parent=721"}],"curies":[{"name":"wp","href":"https:\/\/api.w.org\/{rel}","templated":true}]}}